 common factor of 20 and g.
10
Let j(i) = -117*i - 5415. Let t be j(-47). Suppose 3*s = 2*f - 405, 4*f - 860 = 2*s - 6*s. What is the greatest common divisor of t and f?
42
Suppose -534 = -4*v + t, -5*v + 3*t = 6*t - 642. Let x = 161 - 62. What is the greatest common divisor of x and v?
33
Let q = -67 + 92. Let t be 9/(6 - 145/q). Suppose 0 = 5*m - 10 - 35. What is the highest common divisor of t and m?
9
Let t be 8/(-12) - (20/190 + (-647486)/399). What is the highest common divisor of 6 and t?
2
Suppose -2*n = -5*h + 205, -3*h - 3*n + 5*n + 123 = 0. Suppose 13 = b - 59. Suppose b*u - 73*u + h = 0. Calculate the greatest common factor of u and 369.
41
Suppose 2 = 5*k + n - 20, -3*n + 10 = k. Suppose g - 2*g = 3*x - 512, -k*g - 842 = -5*x. What is the highest common divisor of x and 68?
34
Let u(q) = q**2 + 14*q + 13. Let o be u(-1). Suppose o = -3*w - 8*w + 308. Calculate the greatest common factor of 14 and w.
14
Suppose 5*t + 15 = -3*a - 15, 70 = -5*t + 5*a. Let x be (-3770)/(-45) + 7/t + 1. What is the highest common divisor of x and 36?
12
Suppose -10*t - 2*k + 82 = -9*t, 0 = t + 5*k - 91. Suppose -z - 2*f + 2 = 0, -2*z = 3*f + 1 - 6. What is the greatest common factor of t and z?
4
Suppose 1886 = 22*j - 2404. Calculate the highest common divisor of 45 and j.
15
Suppose -23*r + 5*t = -27*r + 3799, 3*r + 2*t - 2844 = 0. Calculate the greatest common factor of r and 430.
86
Let x = 5152 - 5004. Calculate the highest common divisor of x and 3034.
74
Let u(p) = -13*p**2 + 9*p + 54. Let l be u(7). Let x = l + 544. What is the greatest common divisor of 600 and x?
24
Let a(r) = 12*r**3 + 122*r**2 + 14*r - 28. Let q be a(-10). What is the highest common factor of 5984 and q?
32
Let t = -1132 - -1189. Calculate the highest common divisor of t and 27.
3
Let m(b) = 17 + 3 - 11*b + 4 - b - 3*b**2 + 7*b. Let o be m(0). Let l(f) = -f**2 - 8*f - 6. Let q be l(-6). Calculate the highest common divisor of o and q.
6
Let t be (-1*(-6)/8)/(43*31/213280). What is the highest common factor of t and 30?
30
Let a = 200 + -234. Let v = a + 36. Calculate the greatest common divisor of v and 22.
2
Suppose -104*y - 21648 = -128*y. Calculate the highest common divisor of 44 and y.
22
Suppose -374*i - 845 = -379*i. Suppose r = 2*m + 82, 5*m - i = -4*r + 120. What is the greatest common divisor of 114 and r?
38
Suppose 4*t - 2*k - 167 = 3*k, 6 = -2*k. Suppose 6*c - 3982 = -8*c - 258. Calculate the greatest common factor of c and t.
38
Let u be 5 + (-1 + 2 - 1). Let c = -170 - -303. Let b = c - 78. What is the greatest common factor of b and u?
5
Suppose 45*u - 40*u = -69*u + 23310. What is the highest common divisor of 1905 and u?
15
Suppose 3*x = 4*p + 220, -x = 2*p + 5 - 55. What is the highest common divisor of x and 928?
32
Suppose -336 = -10*s + 104. Let f be ((-33)/s)/(0 - (-1)/(-36)). What is the highest common factor of f and 36?
9
Suppose -5*x + 7*x - 4 = 0. Suppose -2*d - 2 = 0, 3*r - 3*d = -x*r + 293. Let z be ((-1102)/(-76))/(1/10). What is the highest common factor of r and z?
29
Let l be (-1 + 1 + 0)*3/(-3). Suppose -3*h - 2*h = l. Suppose -5*g + h*k + 2*k = -10, -10 = -5*g + 4*k. Calculate the highest common divisor of 6 and g.
2
Let l(f) = -f**2 - 8*f + 249. Let c be l(12). Let y be 3/(-9) - 38/(-6). What is the highest common divisor of y and c?
3
Let d(a) = 5*a**2 + 968*a + 3832. Let v be d(-4). What is the highest common factor of 42100 and v?
20
Let d(u) = u**3 + 2. Let q be d(0). Suppose -5*l + l = -q*j + 108, 0 = -3*j + l + 167. Let f = 208 + -124. Calculate the greatest common factor of f and j.
28
Let j = 154 + -399. Suppose 0 = 4*h + 4*s + 8, 0 = 3*h - 253*s + 252*s + 2. Let f be h/4 + j/(-20). Calculate the greatest common divisor of f and 48.
12
Suppose 2*h - 66 = h. Let o(m) = -m**3 - 36*m**2 + 73*m - 70. Let d be o(-38). Calculate the greatest common factor of d and h.
22
Suppose 47*u - 21*u = -31*u + 228285. What is the highest common divisor of u and 135?
45
Let v(p) = -p - 5. Let x be v(0). Suppose -5*m - 18 - 12 = 5*a, -5*m = -a + 6. Let c be 22/5 - m/x. Calculate the highest common divisor of 2 and c.
2
Let i be (-6)/(-10)*(54 - 44). Calculate the highest common factor of 246 and i.
6
Let r = -18995 - -19421. What is the highest common divisor of 17679 and r?
213
Suppose -4*i + 20 = t, 2*t - 12 = i - 2*t. Suppose f = -i*f + 25. Suppose -f*y = y - 180. Calculate the greatest common factor of 270 and y.
30
Let h be 4/20 + 24/5. Suppose h*z = -5*v - 10, 0*v = 3*v + z - 2. Suppose 26137*l = 26143*l - 108. What is the greatest common factor of v and l?
2
Let g = 7 + -8. Let l be 16*(3/g + 40/16). Let v(n) = -n**2 - 10*n - 12. Let m be v(l). What is the greatest common factor of m and 20?
4
Suppose h - 120 = -2*h. Let q(f) = -5*f + 5. Let j be q(0). Suppose 7*c - j*c = 20. What is the highest common factor of c and h?
10
Suppose -p + 5*y - 11 = y, -5*p - y + 50 = 0. Suppose 13*q - 28 = p*q. Let g be (1*-2)/(q + -8). What is the highest common factor of g and 7?
1
Suppose 3 = 3*u, -16*l + 2*u + 358 = -12*l. Let d(r) = 10*r + 2. Let s be d(1). Calculate the greatest common factor of l and s.
6
Let p be 6 - 2 - 3*(-7675)/15. What is the highest common divisor of 162 and p?
81
Suppose -2367 = -16*v - 63. Let y be 19 + -7 - (-2 + 4). Let r(l) = l**3 - 9*l**2 - 8*l - 4. Let x be r(y). Calculate the greatest common factor of v and x.
16
Let l be -5*(2 + 16/(-2)). Suppose -127*t = -130*t + 102. Let c be t + (360/225)/((-4)/10). Calculate the greatest common factor of l and c.
30
Let j = -22501 - -22523. Let k(n) = 286*n. Let o be k(1). What is the greatest common divisor of o and j?
22
Let k be ((-28)/(-12))/(1/6). Let s = -99 - -60. Let p be s/(-1) + 6 + -10. What is the greatest common factor of k and p?
7
Suppose -148 - 46 - 158 = -44*g. What is the greatest common factor of g and 1060?
4
Let y = 8377 - 8376. Calculate the greatest common factor of 43 and y.
1
Suppose 6920*y - 6918*y - 528 = 0. Calculate the highest common factor of y and 2904.
264
Let w(x) = 227*x - 6268. Let j be w(44). Calculate the highest common factor of 45 and j.
15
Let a(b) = -11*b + 1. Let o be a(-7). Let j = 357 + -253. Calculate the greatest common factor of j and o.
26
Let k = -1476 - -2280. Calculate the greatest common factor of 96 and k.
12
Suppose 3*h + 4*k = 139, 0 = -2*h + 53*k - 51*k + 102. What is the greatest common factor of 2303 and h?
49
Suppose -2*a = 8, 0 = 2*i - 3*i - 4*a + 11. Let o be (18 - 12)*((-18)/45 + 364/10). Calculate the highest common factor of o and i.
27
Suppose 19*h = 518 + 565. Let z be 6 - (3/4 - h/76). Calculate the highest common divisor of z and 48.
6
Let f be (-6 - -2)/(-4)*218. Suppose 10*p - 13*p - 5*q = -f, -2*q + 233 = 3*p. Calculate the highest common divisor of 108 and p.
27
Let c = 128 - -646. Let b = c - 625. What is the highest common factor of b and 1?
1
Suppose 7 = n + 2. Suppose -k + 4*d = -2, -n*k + 12 = 2*d - 64. Suppose l = -l + 112. Calculate the greatest common factor of k and l.
14
Let r = -4702 - -12244. Calculate the highest common divisor of r and 6.
6
Suppose 9*t + 12*t = 20*t + 50. Calculate the highest common factor of 960 and t.
10
Suppose q + 1120 = 6*q. Let k = -57 + 56. Let w = 27 - k. What is the greatest common divisor of w and q?
28
Let o = -37960 + 38068. What is the greatest common divisor of 12384 and o?
36
Suppose 150 = 3*u + 5*d, -5 = d - 14. Calculate the highest common factor of 1456 and u.
7
Suppose 4*x + 2880 = 24*x. What is the highest common divisor of x and 2112?
48
Let h = -81 + 85. Suppose h*s - 3*s - 8 = 0. Let m(j) = -2*j**2 + 19*j - 21. Let f be m(s). Calculate the greatest common divisor of 2 and f.
1
Let w = -49 - -51. Suppose 3*l = 2*l + q + 340, w*q = -2*l + 664. What is the greatest common divisor of l and 14?
14
Let u be (-2)/8 + (-1673)/(-4). Let o be 3 - 5/((-225)/615)*3. Calculate the highest common divisor of o and u.
22
Suppose -5*k + 13 - 103 = 0. Let w = -76 - 32. Let q = k - w. What is the highest common divisor of 15 and q?
15
Let f = -705 + 733. Suppose -2*t = -5*x, 4*x + 2*t - 10 + 28 = 0. Let d be (-894)/(-42) - x/(-7). What is the greatest common divisor of f and d?
7
Let b(w) = w**3 + 6*w**2 + 10*w + 19. Let q be b(-5). Let z be 195 + q/(-6)*5. What is the hig